test common divisor of 159485 and 37627.
191
What is the greatest common factor of 15255 and 443565?
45
Calculate the greatest common factor of 107293647 and 85.
17
What is the highest common factor of 10181349 and 1566?
783
What is the highest common divisor of 54 and 2542824?
18
What is the greatest common factor of 17237 and 18821?
11
Calculate the greatest common divisor of 10140 and 17525976.
2028
Calculate the greatest common factor of 1102728 and 2266.
22
What is the highest common divisor of 687587 and 54239?
73
What is the greatest common divisor of 818517 and 686?
7
What is the greatest common divisor of 716811 and 8235?
183
Calculate the highest common divisor of 90169340 and 1151.
1151
Calculate the greatest common factor of 3 and 1559046.
3
What is the highest common factor of 3118 and 466064609?
1559
What is the highest common divisor of 8600 and 4459530?
430
What is the greatest common factor of 8456 and 3649226?
14
Calculate the highest common factor of 630 and 2009322.
126
Calculate the greatest common divisor of 12369 and 51447879.
651
Calculate the highest common divisor of 3542 and 5223806.
322
What is the greatest common divisor of 775 and 1884149?
31
What is the greatest common divisor of 412791701 and 623?
623
Calculate the greatest common factor of 4224 and 23572.
4
Calculate the greatest common divisor of 132403332 and 4.
4
What is the greatest common divisor of 38 and 148016441?
19
Calculate the highest common factor of 320 and 133251680.
160
What is the highest common divisor of 7874823 and 461571?
2343
Calculate the greatest common factor of 80265 and 17935.
5
Calculate the greatest common factor of 266 and 5495161.
133
Calculate the greatest common factor of 417002463 and 1013.
1013
What is the highest common factor of 6656944 and 76832?
5488
Calculate the highest common divisor of 551875836 and 60.
12
What is the greatest common factor of 1397 and 6614255758?
1397
Calculate the greatest common divisor of 27011171 and 22.
11
Calculate the highest common divisor of 415280 and 39875.
145
What is the greatest common divisor of 7535 and 108460?
55
Calculate the highest common divisor of 1189248984 and 36.
36
Calculate the greatest common divisor of 120 and 88602465.
15
Calculate the highest common factor of 120 and 46691560.
40
Calculate the highest common factor of 1748 and 563684.
92
What is the greatest common factor of 1128657 and 228?
57
What is the greatest common factor of 776349 and 133245?
63
What is the greatest common factor of 954331 and 259?
7
What is the highest common divisor of 515601 and 168209?
59
What is the greatest common divisor of 89633288 and 32?
8
Calculate the greatest common factor of 36337 and 158543.
203
What is the highest common factor of 70664 and 4689718?
242
Calculate the highest common divisor of 19773935 and 3395.
485
Calculate the highest common divisor of 305844 and 954184.
308
What is the highest common factor of 240338 and 33047?
7
Calculate the greatest common divisor of 651711227 and 236.
59
Calculate the highest common divisor of 4337160 and 20680.
1880
What is the highest common divisor of 16625 and 23035600?
3325
What is the highest common divisor of 2824188 and 66?
6
Calculate the greatest common divisor of 45 and 33220205.
5
Calculate the highest common factor of 170613 and 101466.
27
What is the greatest common divisor of 391184 and 53150?
2126
What is the highest common divisor of 109004 and 257082?
14
Calculate the greatest common factor of 66255 and 24570.
105
Calculate the greatest common divisor of 1642436 and 760.
76
What is the greatest common divisor of 14071761 and 418?
209
What is the greatest common factor of 13281277 and 2918?
1459
Calculate the highest common divisor of 159680 and 175744.
64
Calculate the greatest common divisor of 570 and 1926043110.
570
Calculate the greatest common divisor of 19261944 and 1116.
36
Calculate the highest common divisor of 103322813 and 33.
11
What is the greatest common divisor of 5200875 and 116250?
375
Calculate the highest common divisor of 102093248 and 327584.
11296
Calculate the highest common divisor of 1529962 and 406.
14
Calculate the greatest common factor of 36 and 1996296.
12
What is the greatest common factor of 1044 and 7593336?
36
What is the highest common factor of 27680 and 20695990?
1730
What is the greatest common divisor of 5456 and 169744?
16
Calculate the greatest common factor of 87 and 188746007.
29
Calculate the highest common divisor of 6596 and 193282588.
6596
Calculate the highest common divisor of 6169043 and 914.
457
What is the highest common divisor of 235388 and 62084?
332
Calculate the highest common factor of 1140394928 and 32.
16
What is the highest common factor of 132921 and 91349?
547
What is the greatest common factor of 20436 and 51108?
12
What is the highest common divisor of 310 and 12989000?
310
What is the greatest common divisor of 70030 and 7822798?
298
What is the greatest common factor of 10780 and 2808680?
980
Calculate the greatest common divisor of 33630 and 88541595.
885
What is the highest common factor of 114 and 1142?
2
Calculate the greatest common divisor of 13167594 and 36.
18
What is the greatest common divisor of 7846589 and 1111?
101
What is the highest common factor of 13513175 and 225?
25
What is the highest common divisor of 41384 and 5600?
56
Calculate the highest common factor of 10565364 and 136.
68
Calculate the greatest common factor of 1644 and 336648456.
1644
What is the greatest common factor of 75849529 and 6902?
3451
What is the greatest common divisor of 3323233 and 19?
19
What is the highest common factor of 2542693527 and 99?
99
What is the greatest common divisor of 4354 and 7840?
14
Calculate the greatest common divisor of 13868529 and 2154.
1077
Calculate the highest common factor of 123 and 46110199.
41
Calculate the highest common factor of 52838 and 498858.
58
What is the highest common factor of 2744 and 182525?
49
Calculate the highest common divisor of 68754 and 1824942.
42
Calculate the highest common divisor of 30385 and 1156695.
295
Calculate the highest common divisor of 1459 and 444675479.
1459
What is the highest common divisor of 848 and 1433226?
106
What is the highest common factor of 7959 and 3914691?
1137
What is the highest common factor of 22461955 and 20?
5
What is the greatest common factor of 856788 and 10056?
12
What is the greatest common divisor of 25762979 and 2222?
1111
What is the highest common factor of 49660 and 648636?
764
Calculate the greatest common factor of 6951240 and 13320.
360
What is the highest common divisor of 9410070 and 10?
10
What is the highest common divisor of 3821696 and 5726?
818
What is the greatest common divisor of 240 and 16975320?
120
Calculate the greatest common divisor of 3404 and 19949216.
148
What is the greatest common factor of 1691 and 2317943?
19
What is the greatest common divisor of 87 and 19478111?
29
What is the greatest common factor of 2028836 and 12320812?
13436
What is the greatest common factor of 191709 and 555849?
1071
Calculate the highest common divisor of 1815 and 172945410.
165
What is the highest common divisor of 21500756 and 11940?
796
What is the highest common divisor of 3213 and 1785000?
357
What is the highest common factor of 740819 and 268?
67
Calculate the highest common factor of 384 and 142555488.
96
What is the highest common divisor of 31602264 and 72?
24
Calculate the highest common divisor of 2640 and 3066855.
165
Calculate the greatest common factor of 110 and 3439634.
22
What is the highest common divisor of 410615 and 6009?
2003
Calculate the highest common factor of 1063431 and 1021392.
1557
Calculate the highest common divisor of 71 and 1488558452.
71
Calculate the greatest common factor of 9380 and 71941786.
938
What is the highest common factor of 50490 and 6910?
10
Calculate the highest common factor of 59408570 and 40560.
1690
What is the greatest common factor of 18 and 560840076?
18
Calculate the greatest common divisor of 91186 and 152.
2
Calculate the greatest common divisor of 11464493 and 11204.
2801
What is the highest common divisor of 24114 and 2802?
6
Calculate the highest common factor of 6370 and 219118445.
3185
Calculate t